
16
Suppose 101*a = 2*f + 105*a - 156, f - 5*a = 43. Calculate the greatest common factor of 289 and f.
17
Let g = 19 + -23. Let n be g/22 - 52/(-44). What is the highest common divisor of n and 7?
1
Let y be (-21)/(-4) - 2 - 2/8. What is the greatest common divisor of y and 11?
1
Suppose 3*x - 152 = -3*i + 19, -4*x + 256 = -3*i. Calculate the highest common factor of 1 and x.
1
Let q be (-14)/(-5 + 3) - (-4 + -35). Calculate the greatest common factor of 23 and q.
23
Let b be 13290/35 + 10/35. Suppose 3*d - d - b = 0. What is the highest common divisor of d and 19?
19
Suppose 22 = 3*k - 2*f, 4*k - 3*f - 37 = -k. Let g(s) = 2*s**2 - 7*s + 6. Let j be g(4). Let n = j + k. What is the highest common divisor of 126 and n?
18
Let h(y) = -y**2 - 3*y + 7. Let m(c) = -4*c + 7. Let q be m(3). Let b be h(q). Let u = 37 - b. What is the highest common factor of 5 and u?
5
Suppose 53*s - 1348 = -394. Let y be 12/(-66) + 2180/11. Calculate the highest common factor of s and y.
18
Suppose 0 = -8*n + 55 + 25. Suppose -8*k = -n*k + 26. Calculate the greatest common factor of k and 65.
13
Suppose 0 = t + 4*t - 5. Let s = t - -1. Suppose -4*j - 110 = -5*h - s*j, 14 = h - 2*j. Calculate the highest common divisor of h and 6.
6
Suppose -108 = -17*b + 14*b. Calculate the highest common factor of b and 3.
3
Let a = -1726 - -1866. What is the greatest common factor of a and 105?
35
Let x(y) = 4*y**2 + 68*y - 18. Let u be x(-18). What is the greatest common divisor of u and 126?
18
Suppose 17*v = 60*v + 5719. Suppose t + 4*p = 2*p - 207, -2*p + 203 = -t. Let b = v - t. Calculate the highest common divisor of 8 and b.
8
Let a be 2/2 + (1 - -14). Let x = 281 - 277. Calculate the highest common divisor of x and a.
4
Let m(o) = 7*o - 10. Let l be m(2). Let q(f) = -2 - 1 + 13*f - 1. Let j be q(l). Calculate the greatest common factor of 12 and j.
12
Let z(y) = -y**3 - 5*y**2 - 4*y. Let j be z(-4). Suppose j = -5*m + 3*m + 48. Calculate the highest common divisor of m and 12.
12
Let j(c) = c**3 + 7*c**2 - 10*c - 12. Let d be j(-8). Suppose s = d*s - 60. Calculate the greatest common factor of 8 and s.
4
Let u(y) = -39*y + 20*y + 38*y + 4 - 7. Let r be u(3). What is the greatest common factor of 18 and r?
18
Let n(i) = 5 + 9*i - 12 + 6*i**2 - 7*i**2. Let u be n(6). Let o = u - -110. What is the highest common divisor of 11 and o?
11
Suppose -28*s = -29*s + 12. What is the highest common factor of 20 and s?
4
Suppose 2*v - 62 = 2*c, 3*c - c - 4*v + 64 = 0. Let x = -13 - c. Let i be (34/3)/((-6)/(-9)). Calculate the greatest common divisor of i and x.
17
Suppose -2*h - 24 = -2*r, -8*r + 4*r + 76 = 3*h. Suppose -5*w + 8*u - 5*u = -108, 5*u = 3*w - 52. Calculate the highest common factor of w and r.
8
Let s(u) = 32*u**3 - u**2 - u + 2. Let p be s(1). Suppose 3*l - 66 = -18. What is the highest common factor of l and p?
16
Let m(z) = z**2 + 18*z + 7. Let o be m(-18). Calculate the highest common factor of o and 35.
7
Let l(a) = -a**3 + 25*a**2 - 21*a - 32. Let r be l(24). Suppose s + 7*s - r = 0. What is the highest common factor of 40 and s?
5
Let h = -20 - -31. Let z be 2/(-8) + (-2)/((-8)/133). Calculate the greatest common divisor of h and z.
11
Suppose 1256 = 3*c - j, c + 17*j - 422 = 19*j. What is the greatest common factor of c and 38?
38
Let k(q) = q**3 - 3*q**2 + 2*q. Let c be k(3). Suppose -2*j = -3*x + 3*j + 180, -3*j = 2*x - 120. Let z = 6 + x. What is the greatest common factor of c and z?
6
Suppose 1013 - 1003 = s. Suppose 4*r - 204 = 4*g, -4*g - g - 5 = 0. Calculate the greatest common divisor of r and s.
10
Let t be 197 + 1 - (-1 + 10). Calculate the highest common divisor of t and 588.
21
Let u(p) be the second derivative of p**4/12 + 7*p**3/6 - p**2/2 + 7*p. Let q be u(6). What is the highest common divisor of q and 7?
7
Let g(n) = n - 49. Let y be g(18). Let l = -10 - y. Let j(f) = -f**2 + 15*f - 19. Let s be j(13). Calculate the highest common factor of s and l.
7
Suppose -209 = -2*a + 191. Let p be 7 + 1/1 + -1 + -1. Let j be (100/(-4))/(p/(-6)). Calculate the greatest common factor of a and j.
25
Let b = 352 - 264. Calculate the greatest common divisor of 22 and b.
22
Let s be (-1)/((-4)/(-3 + -9)). Let t be (2/6)/(s/(-54)). Let l = 1 + 5. Calculate the greatest common factor of l and t.
6
Let r = -29 - -106. Let p = 99 - r. Calculate the highest common factor of 33 and p.
11
Suppose -49*p = -55*p + 2352. What is the highest common factor of 8 and p?
8
Suppose 4*q - 28 = 4*z, 0*q - 5*q - 2*z + 21 = 0. Let s = 18 + q. What is the greatest common divisor of s and 253?
23
Let b be ((-56)/(-10))/(4/50). Let m = -40 + b. What is the highest common factor of 18 and m?
6
Suppose 56 = 19*p - 153. Let a = -52 + 173. What is the greatest common divisor of p and a?
11
Let d(g) = -2*g**2 + 44*g - 180. Let n be d(16). What is the greatest common factor of 480 and n?
12
Let g = 1766 + 2300. What is the highest common divisor of 19 and g?
19
Let m = 110 + -16. Suppose 0 = s - 4, 2*o + 4*s = o + m. What is the highest common divisor of 26 and o?
26
Let l(p) = 193*p - 38. Let m be l(2). Calculate the greatest common divisor of m and 24.
12
Let b = -28 + 38. Suppose -b = -i + 2*q, -4*q - 21 = -2*i - q. Calculate the greatest common divisor of i and 6.
6
Let g be (-111)/(-5) + 7/(-35). Let v = 46 - g. Let a be 4*2/v*18. Calculate the highest common factor of a and 3.
3
Let n(t) = t**3 + 9*t**2 + t - 10. Let v = 68 - 75. Let b be n(v). What is the highest common divisor of b and 18?
9
Suppose 3*d - 2*g - 57 = 0, -5*d - 4*g + 73 = -0*d. Let w(p) = 2*p - 2. Let q be w(d). Calculate the highest common factor of q and 8.
8
Let y(w) = 108*w + 122. Let x be y(-1). Suppose 0 = -0*z + 2*z. Suppose -r - 3 = 2*k - 7, z = -k - 5. Calculate the greatest common factor of r and x.
14
Suppose 5*o - 2*x - 715 = 0, 68 - 518 = -3*o - 3*x. Calculate the greatest common factor of 15 and o.
5
Let i(o) = -11*o - 26. Let c be i(-4). What is the highest common divisor of c and 162?
18
Let q(o) = -4*o - 12. Let z be (-18)/8*(-2 - -6). Let y be q(z). Calculate the highest common factor of 6 and y.
6
Suppose 17*m + 0*m = -2*m + 760. Let q be (2 - 7)*8/(-5). Calculate the greatest common factor of q and m.
8
Let f be ((-8)/(-10))/((-10)/(-175)). Let b = -6 + f. What is the greatest common factor of 40 and b?
8
Let x(s) = s**2 + 18*s + 28. Let q(w) = 2*w - 10. Let f be q(-4). Let d be x(f). Let v be 48/18*42/8. What is the greatest common divisor of d and v?
14
Suppose 0 = -9*x + 5*x - 12, 5*q + 5*x - 115 = 0. Suppose -14*k + q = 12*k. Let m = 18 + -11. Calculate the highest common factor of m and k.
1
Suppose 5*m + 400 = 4*c, -2*m + 56 - 256 = -2*c. What is the highest common factor of c and 150?
50
Suppose 0 = -2*n - 5*i + 704, -5*n + 1760 = 2*i + 3*i. Let u = -267 + 311. Calculate the greatest common divisor of u and n.
44
Let r = -1 + 64. Suppose -4*l + l = -r. Let s = -8 + 11. What is the greatest common divisor of l and s?
3
Let g = 141 - -4. Let s = g - -19. Suppose 0 = v + 38 - s. Calculate the highest common divisor of v and 14.
14
Suppose 5 = c, -2*h - 3*c + 1 = -3*h. Let o(k) = -k**2 - 12*k - 18. Let d be o(-4). What is the highest common factor of d and h?
14
Let d(r) = 2*r + 20. Let c = 79 + -74. Let x be d(c). Calculate the greatest common divisor of x and 6.
6
Let j(u) = u**2 + u - 2. Let o be j(-8). Suppose -20*m + 23*m - o = 0. Let t = 3 + -1. What is the highest common factor of m and t?
2
Let i(m) = -m**3 + m**2 + 6*m + 4. Let q be i(-4). Suppose -4*s + q = -3*w, -w = 1 - 5. Suppose s = -4*x + 270. What is the greatest common factor of 7 and x?
7
Suppose 5*p = 7 - 2, 5*p = 5*l. What is the greatest common divisor of 2 and l?
1
Let l(q) = -q**3 - 9*q**2 + 18. Let n be l(-9). Let k be 2/(-2 + (-16)/(-6)). Suppose h + k*h = 180. What is the greatest common factor of n and h?
9
Let c = -5 - -11. Let j(l) = l**2 - 3*l - 10. Let b be -6*(-12)/8 - 2. Let f be j(b). Calculate the greatest common factor of f and c.
6
Suppose 455 = 4*v + 59. Let p be -4*(6/9 + 2/(-12)). Let w be p/(1*6/(-33)). What is the highest common divisor of v and w?
11
Suppose -15*t + 228 + 312 = 0. Suppose -4*v - 270 = -7*v. What is the highest common factor of t and v?
18
Let h be (0 - 0) + (-442)/(-65)*155. What i